013243 + -111?
114013132
In base 7, what is -226563 + 553?
-226010
In base 4, what is 2 + -1020033013000?
-1020033012332
In base 11, what is -958335 + -48?
-958382
In base 5, what is -20121300 + -101031?
-20222331
In base 3, what is -11212022121 + 12011?
-11212010110
In base 16, what is -58 + -2d79b?
-2d7f3
In base 8, what is -60513 + -3717?
-64432
In base 4, what is -1010 + -10330300?
-10331310
In base 4, what is 2221130301 - 1?
2221130300
In base 15, what is 3 + -65017d?
-65017a
In base 5, what is -313040 + -103311?
-421401
In base 13, what is -a18 + -4a4?
-11bc
In base 13, what is -5 - 40c2739?
-40c2741
In base 13, what is 1a3b - 14c9?
542
In base 15, what is -1bdc8 + -311?
-1c1d9
In base 5, what is -1133 - -1221441420?
1221440232
In base 6, what is -1221 + -11051410?
-11053031
In base 2, what is 101111101111 + -1000001101100000?
-111011101110001
In base 5, what is 3 - 22413200212?
-22413200204
In base 4, what is 321220 - 2002201?
-1020321
In base 8, what is 40247 - -2610?
43057
In base 15, what is -12 - -a39d1e?
a39d0c
In base 9, what is 131 + -41712?
-41571
In base 10, what is -3698 - 333?
-4031
In base 4, what is 10 - -201332210330?
201332211000
In base 11, what is -738100 - -8?
-7380a3
In base 13, what is -1 - -3ca817?
3ca816
In base 10, what is 8421624 + -6?
8421618
In base 4, what is 21223110122213 - -1?
21223110122220
In base 5, what is -1341420 - 2?
-1341422
In base 4, what is -302330 + -3000000?
-3302330
In base 5, what is -144 + -414032002?
-414032201
In base 12, what is -28aa8 + 395?
-28713
In base 12, what is -4b5 - a94a?
-b243
In base 5, what is 20 - 3014340?
-3014320
In base 9, what is 3701734 + 63?
3701807
In base 14, what is -4 - -235301?
2352db
In base 12, what is -2ab - -600a3a?
60074b
In base 9, what is -5882 + -1762?
-7754
In base 4, what is -23 + 120020201312?
120020201223
In base 16, what is -5d0760 - -13?
-5d074d
In base 5, what is -1 + 221134413?
221134412
In base 5, what is -10 - 4443232421?
-4443232431
In base 10, what is 1033 + 462?
1495
In base 14, what is 1d1c4 - -2b0?
1d494
In base 9, what is -8303642 - 13?
-8303655
In base 11, what is -4 + 9414188?
9414184
In base 10, what is -2 - -127441?
127439
In base 5, what is -4321031333 - 20?
-4321031403
In base 6, what is -103350 + -2024?
-105414
In base 5, what is -44012214021 - -3?
-44012214013
In base 11, what is 81 - -6794?
6865
In base 3, what is 1100200001 + 22000100?
1122200101
In base 10, what is -9233 - -5119?
-4114
In base 10, what is -1 + -1157082?
-1157083
In base 10, what is -3488204 - 101?
-3488305
In base 5, what is 4 + 231114300031?
231114300040
In base 14, what is 7a3616dc + 5?
7a361703
In base 5, what is 12312 + -1433222?
-1420410
In base 15, what is -1 - 2ddd54?
-2ddd55
In base 12, what is -73 - 178626?
-178699
In base 7, what is -142 + 1666602?
1666430
In base 2, what is -1011101000011 + 100011011000?
-111001101011
In base 12, what is -174 - 5671?
-5825
In base 9, what is -3573782354 + -1?
-3573782355
In base 15, what is 1e0 + -2092?
-1da2
In base 4, what is 113030013001 - 202?
113030012133
In base 2, what is -100011011011000 - -100000010?
-100010111010110
In base 14, what is -bc - 20179?
-20257
In base 11, what is -220057944 - 3?
-220057947
In base 3, what is 10120200102 + 10021100?
10200221202
In base 12, what is 5383628 + 3?
538362b
In base 5, what is -31 + 10223224?
10223143
In base 7, what is -106 + 2161?
2052
In base 4, what is 2122 + -22300302303?
-22300300121
In base 2, what is -111111 + 10110011100111000101001?
10110011100110111101010
In base 2, what is -10 - 100100000011000001101101?
-100100000011000001101111
In base 10, what is -31275 + -115?
-31390
In base 12, what is -33b903 - b0?
-33b9b3
In base 9, what is 327 - 85315?
-84877
In base 14, what is -1ab6d - 2544?
-1d2b3
In base 3, what is -1121011122102112111 - 10?
-1121011122102112121
In base 8, what is 21376 + 45404?
67002
In base 4, what is -303332320 - 1011?
-303333331
In base 3, what is 1200 + -221020022122121?
-221020022120221
In base 2, what is 1101100100100010011 + -10000001010?
1101100010100001001
In base 2, what is -1111 + 1010001001011000101100?
1010001001011000011101
In base 4, what is 20 - -1322222131?
1322222211
In base 16, what is -c59d5a - 1?
-c59d5b
In base 2, what is 10000101 - -100011011011011?
100011101100000
In base 8, what is -4 - 63265422?
-63265426
In base 2, what is -110001111101001110000 + 110?
-110001111101001101010
In base 12, what is -19 - 1a1788?
-1a17a5
In base 8, what is -30 - 2470626?
-2470656
In base 10, what is 10 + 277059?
277069
In base 9, what is -44 + -5624?
-5668
In base 9, what is -2581387 - -57?
-2581330
In base 13, what is 420 - -a15a8?
a19c8
In base 9, what is 563228320 - 5?
563228314
In base 5, what is -221 + -20033022?
-20033243
In base 12, what is 3 - 3926931?
-392692a
In base 4, what is -3230302130 - 1303?
-3230310033
In base 7, what is -343260542 + 2?
-343260540
In base 2, what is -1001100001110 - 101100111000?
-1111001000110
In base 10, what is -6130 + 367?
-5763
In base 15, what is 1e15 + -bce0?
-9dca
In base 16, what is -19b16 - 44?
-19b5a
In base 6, what is -31 + -45505445?
-45505520
In base 5, what is 333101201244 + 1?
333101201300
In base 13, what is 5 + -5a048603?
-5a0485cb
In base 12, what is b0b66 - 103?
b0a63
In base 5, what is 32032131102 + 3?
32032131110
In base 3, what is 2111101110 + -12022?
2111012011
In base 14, what is 2 + 36057?
36059
In base 11, what is 77 + 110a448?
110a514
In base 7, what is -20536 - 23542?
-44411
In base 3, what is -1021000 + -102100012?
-110121012
In base 13, what is -2 + -6a0a6c8?
-6a0a6ca
In base 2, what is 11 + -11110110000111000?
-11110110000110101
In base 16, what is -2369a - -51b?
-2317f
In base 12, what is 10 + -75035?
-75025
In base 10, what is -534 - -19100?
18566
In base 15, what is 281ab + -25b?
27e50
In base 7, what is 0 - -223535032?
223535032
In base 10, what is 771 - -1064?
1835
In base 10, what is -11 + -1063066?
-1063077
In base 8, what is 10645031 - -12?
10645043
In base 10, what is -24 + 6992662?
6992638
In base 10, what is -6711730 + 127?
-6711603
In base 5, what is -3 - 14202403403?
-14202403411
In base 3, what is -21101111002002 + 11?
-21101111001221
In base 7, what is 1042333326 - 4?
1042333322
In base 12, what is -2379 - -5462?
30a5
In base 2, what is 100001010 - 10100111000101101001?
-10100111000001011111
In base 16, what is -1dcb - -3a82?
1cb7
In base 10, what is -18 + 3804318?
3804300
In base 9, what is 2 + 102860881?
102860883
In base 11, what is 190234655 + 0?
190234655
In base 3, what is 2220100202222 + 122?
2220100210121
In base 3, what is -10021 - -10000220010?
10000202212
In base 2, what is 10011001110111 - 10001110?
10010111101001
In base 2, what is 1111101010000101010 - 1010101010?
1111101000110000000
In base 2, what is 111001011010111110 - -10011?
111001011011010001
In base 2, what is -10000011000100 + -100011101011010?
-110100000011110
In base 10, what is 7 - -9020417?
9020424
In base 15, what is d9ecb64 + 1?
d9ecb65
In base 6, what is 1040535241 - -4?
1040535245
In base 16, what is e + -6449?
-643b
In base 14, what is -2 + 106d1a?
106d18
In base 2, what is 11101101001010010000011 - -10?
11101101001010010000101
In base 11, what is -136055a9 - -2?
-136055a7
In base 16, what is 1 - -1170752?
1170753
In base 16, what is -1fa210 + -21?
-1fa231
In base 11, what is -5 - -5a39344?
5a3933a
In base 8, what is 5377 - 4560?
617
In base 2, what is 1 - -110010100000100011110100?
110010100000100011110101
In base 5, what is 43 + 2102441?
2103034
In base 7, what is -633111016 + 2?
-633111014
In base 4, what is -321231012 - 3?
-321231021
In base 14, what is -4 + -6dd87?
-6dd8b
In base 14, what is -363 + -829?
-b8c
In base 11, what is -a - 86a3858?
-86a3867
In base 6, what is 21455154 + -25?
21455125
In base 15, what is -3a + -57dc?
-5827
In base 10, what is -249347 + -8?
-249355
In base 11, what is -391a33 + 98?
-391946
In base 7, what is 3610320 - 31?
3610256
In base 3, what is -10 - 1002012011221202?
-1002012011221212
In base 10, what is -81350942 + -8?
-81350950
In base 11, what is -622 + 4306?
3794
In base 16, what is -13b2e - -4cd?
-13661
In base 11, what is 4016474 - 2?
4016472
In base 16, what is -34 - 8e421?
-8e455
In base 12, what is 15a3 + 3674?
5057
In base 5, what 